. Let m(t) = 5*n(t) + 4*q(t). Let j be ((-4)/6)/((-1)/3). Determine m(j).
-1
Let c(s) be the second derivative of s**5/60 - 7*s**4/24 + 2*s**3/3 - s**2/2 + s. Let v(u) be the first derivative of c(u). Give v(5).
-6
Let o(k) be the second derivative of k**4/3 + k**3/6 - 16*k. Calculate o(-1).
3
Let d = 1 - 4. Let b(a) = 20*a + 3. Let w(q) = 9*q + 1. Let o(i) = 4*b(i) - 9*w(i). Determine o(d).
6
Suppose 6*x = 3*x. Let s(w) = 2*w**3 + 3 + 3*w**2 + 12*w - 4*w**2 - 3*w**3 - 11*w. Calculate s(x).
3
Let x(u) = -u**2 + 8*u - 7. Suppose f - 9 = -w + 2*f, -4*f + 13 = 3*w. Give x(w).
0
Let p(x) = x**2 + 3*x - 2. Let i be ((10/(-3))/(-10))/(2/18). Give p(i).
16
Let u(q) = 8*q - 2*q + 2*q. Let d(b) = b**2 - 5*b + 5. Let f be d(3). Give u(f).
-8
Let y(v) be the first derivative of v**4/24 + 2*v**3/3 + 2*v**2 - 1. Let j(k) be the second derivative of y(k). Calculate j(-5).
-1
Let l(t) = t**2 + t + 6. Let b be l(0). Let m(g) = g**3 - 6*g**2 - 1. What is m(b)?
-1
Let x(k) be the third derivative of -k**4/24 - k**3/6 - 6*k**2. Determine x(2).
-3
Let f(h) = 7*h**2 + 7. Let l(c) = -7*c**2 - 6. Let r(t) = -5*f(t) - 6*l(t). Suppose -3*j + 4 = 1. Let x be -3 + (-1 + j - -4). Calculate r(x).
8
Let h(i) = -3*i**2 + i + 1. Let m(v) = -1. Let d(z) = h(z) + 2*m(z). Give d(2).
-11
Let y(a) be the first derivative of -a**3 + a**2/2 - 14. Determine y(2).
-10
Let z(i) = -2*i**3 - 12*i**2 + 4*i + 3. Let l(h) = 3*h**3 + 13*h**2 - 3*h - 2. Let t(o) = -3*l(o) - 4*z(o). Calculate t(8).
2
Let f(s) be the second derivative of s**4/12 + 7*s**3/6 - 2*s**2 + 22*s - 2. Calculate f(-6).
-10
Let h(u) = -u**3 - u + 13. Let l(i) = -i**3 + 12*i**2 - 10*i - 11. Let a be l(11). Calculate h(a).
13
Let i(o) = -2*o - 18. Let u(r) = -1 - 11*r + 12*r + 10. Let g(l) = 3*i(l) + 5*u(l). What is g(0)?
-9
Let j(l) be the first derivative of -4*l**3/3 + l**2/2 + 52. What is j(-1)?
-5
Let v(k) = -k**2 + 4. Let r = 9 - 9. Let m be (0/3)/(r + 2). Calculate v(m).
4
Suppose 12 = 4*f + 2*m, -2 = 2*f - 10*m + 15*m. Let i(p) be the second derivative of p**5/20 - p**4/3 + p**3/6 + 3*p**2/2 + p. Determine i(f).
7
Let r = -47 + 50. Let g(q) be the third derivative of 0*q**4 + 0*q + 1/60*q**5 + 0 + r*q**2 - 1/3*q**3. Calculate g(-3).
7
Suppose -5*u + 4 = -11. Let a(t) = 0*t - u*t - t + 5*t - 4. Give a(4).
0
Let a(x) = -x**2 - 8*x - 2. Let j(b) = -b**2 - 9*b - 3. Let k(n) = -4*a(n) + 3*j(n). Let q be k(-5). Let h(v) = v**2 - 1. Determine h(q).
0
Let h(p) = -p**3 + 4*p**2 + 2*p + 1. Suppose i - 18 - 8 = 0. Suppose 5*d - 3*d = 3*j + 22, j + i = 3*d. Let a = d - 4. What is h(a)?
9
Suppose 2*y = -0*y. Let k(a) = y*a + 0*a + 2*a**2 + a**2. Determine k(1).
3
Let r(x) = 2*x + 7 - 2*x + 1 - x. Determine r(0).
8
Let k(x) be the third derivative of x**4/24 + x**3/3 + 2*x**2. Calculate k(-5).
-3
Let g(h) = h**2 - 9*h - 5. Let k(w) = w**2 - 10*w - 5. Let x(i) = 6*g(i) - 5*k(i). Let t(d) = -d + 5*d - 4 - d. Let r be t(3). Give x(r).
0
Let m = 21 - 21. Let q(i) be the third derivative of m*i + 1/3*i**3 + 1/120*i**6 + 1/24*i**4 + 2*i**2 + 0 - 1/12*i**5. Calculate q(5).
7
Suppose 24 - 4 = -5*n. Let k(g) = -g**3 - 4*g**2 + 2*g + 5. Give k(n).
-3
Let v(w) = -2 - 1 + w + 4. Let n be 1/2 - (-14)/4. Suppose -10 = n*o - 26. Determine v(o).
5
Let l(g) = -g**3 + 7*g**2 - 6*g. Let w be (-1 - 0/3)*-6. Calculate l(w).
0
Let u(a) = a**2 + 5*a + 4. Let z = 4 + 0. Suppose -z*s - 2*p + 32 = 0, -5*s - p + 25 = -2*s. Suppose -2*c - c = s. What is u(c)?
-2
Let o(y) = y - 1. Let b be 0/(-4) - (1 - 1). Let j be o(b). Let f(g) = -4*g - 1. Give f(j).
3
Let f be 1/(-4) - (-13)/4. Let t(m) = 7*m + 4 - 7 + 4 - 6 + f*m**2 - m**3. Determine t(4).
7
Let m(w) be the first derivative of w**3/3 - 3*w**2/2 - 6*w - 1. Suppose -56 + 36 = -4*l. Give m(l).
4
Let a(c) = 0*c + 2*c - 2*c + 2*c - 7. Determine a(8).
9
Let b = 19 + -24. Let y(q) = -q + 4. Calculate y(b).
9
Let d(z) be the third derivative of z**5/60 + z**4/3 + z**3/6 + 11*z**2. Calculate d(-6).
-11
Let g(n) = -n**2 + 11 + 7 - 8*n - 26. Determine g(-6).
4
Suppose 3*t = 17 - 26. Let q(v) = -v - 6. Determine q(t).
-3
Let o(a) = 12*a - 6. Let k(b) = -7*b + 3. Let w(h) = -7*k(h) - 4*o(h). Let g(m) = 1. Let v(d) = 2*d - 14. Let y(t) = 5*g(t) + v(t). Let f be y(6). Give w(f).
6
Let l = 3 + -5. Let z(v) be the first derivative of 2*v**3/3 + v**2 + v - 2. Determine z(l).
5
Let w(q) = -q**2 + 415 + q**2 + q**2 - 402 + 12*q. Calculate w(-9).
-14
Suppose 2*s + 11 + 3 = 4*q, q - 5 = 2*s. Let n be -2 - (-1*3)/q. Let c be 2/(-8) + n/(-4). Let j(t) = -t**3 + t**2. What is j(c)?
0
Let p = 4 + 2. Suppose y - p = -y. Let o(n) = -8*n + y - 1 + n**2 + 2*n. Calculate o(4).
-6
Let r(m) = -m + 2. Let y(t) = -t**3 - t**2 + 5*t + 4. Let o be y(-3). Let d(v) = v**2 - 6*v - 6. Let x be d(o). Give r(x).
1
Let f(m) = -43*m**2 - 7*m + 14*m**2 - 7 + 14*m**2 + 14*m**2. Calculate f(-6).
-1
Let k(c) be the first derivative of c**4/4 - c**3 - 2*c**2 + 2*c + 23. Suppose -2*z = -z - 4. What is k(z)?
2
Let c(p) = -14 + 3*p**2 + 15 - 3*p**3 - 5*p**2. Give c(-1).
2
Let z be 7/21 - ((-10)/6 - 1). Let v(p) be the first derivative of -2/3*p**z + 3 - 3/2*p**2 - p. Calculate v(-2).
-3
Let h(n) = -n**2 + 3*n + 4. Let g(l) = -2*l**2 + 7*l + 8. Let f(k) = -3*g(k) + 5*h(k). Give f(7).
3
Suppose -2*a - 8 = -0*a, 32 = 4*d + a. Let k = d + -9. Suppose k*m + m = -4. Let r(y) = -2*y - 2. Calculate r(m).
6
Suppose 9*a + 8 = -1. Let m(x) = -8*x**3 - 1. Give m(a).
7
Let h(m) be the third derivative of -m**8/20160 - m**7/5040 + m**6/720 - m**5/60 - m**2. Let j(q) be the third derivative of h(q). What is j(1)?
-1
Suppose 2*g - 3*d = -1, 5*d - 2 = g + 2. Let r(i) = -4*i**2 + i - 1. Let m be r(g). Let q(t) = -t - 8. What is q(m)?
-4
Let r(g) be the second derivative of 2*g**2 - 1/4*g**4 - 5*g + 0 + g**3 - 1/20*g**5. Determine r(-4).
-4
Let p(t) = 40*t**2 - 3 + 4*t + 2*t - 41*t**2. What is p(4)?
5
Let j be 2 + -1 - -2 - -1. Let z(t) = -10*t**3 + 22*t**2 - 14*t + 11. Let h(g) = 3*g**3 - 7*g**2 + 5*g - 4. Let q(l) = -7*h(l) - 2*z(l). Give q(j).
-6
Suppose 4 = c - 5*o, 0 = -o - 4 + 3. Let z(j) be the second derivative of 11*j**4/12 + j**3/3 + j**2/2 - j. Give z(c).
10
Let i(c) = c**2 + 2*c - 1. Suppose -5*a + 4*z + 46 = 0, -4*z + 8 = 2*a - 3*z. Let p be (2 + (-21)/a)*2. Calculate i(p).
2
Let t(p) = p - 9. Let r(g) = -3*g + 28. Let o(m) = -3*r(m) - 8*t(m). Determine o(7).
-5
Let h = 7 - 11. Let c(i) = 7*i**3 + 10*i**2 + 11. Let g(a) = -15*a**3 - 21*a**2 - 23. Let s(o) = -13*c(o) - 6*g(o). Give s(h).
-5
Let a(c) be the third derivative of c**3 - 3*c**2 - 1/120*c**6 + 1/10*c**5 + 0 - 1/4*c**4 + 0*c. Give a(5).
1
Suppose 3 = 5*m - 4*m. Suppose -m*t = -t. Suppose t = k + 4*k - 15. Let p(f) = 5*f - 4. Calculate p(k).
11
Let l(k) = -k**2 + k. Let a = 8 + -5. Suppose 2*b = a*b - 2*f + 3, b - 5*f = -9. Determine l(b).
0
Let x(n) = 3*n + 2. Suppose -4*k - 2*c + 2 = 0, 0 = 3*k - 4*k - 4*c + 18. Calculate x(k).
-4
Let h = 0 + -1. Suppose j - 11 + 4 = 0. Let a(q) = j*q - 6*q + 5*q**3 - 6*q**3. Determine a(h).
0
Let g(a) = a + 6. Let y(q) = -q - 6. Let m be y(-5). Let h(p) = 3*p - 2. Let n be h(m). Calculate g(n).
1
Let a(u) = -u**3 - 4*u**2 - 3*u - 1. Suppose -n + 3*s - 9 = -1, n = -4*s + 6. What is a(n)?
-3
Let l(f) = 5*f**3 + 5*f**2 - 3*f. Let i(k) = 6*k**3 + 5*k**2 - 3*k - 1. Let s(x) = -6*i(x) + 7*l(x). What is s(5)?
-9
Let x(g) = g**3 - 7*g**2 + g - 2. Let a be x(7). Let c(j) = -j**3 + 5*j**2 - 2*j - 7. Determine c(a).
-17
Suppose 74 = 6*s + 62. Let m(j) = -j**2 + 2. Calculate m(s).
-2
Let q be -1 + 18/16 + 198/(-48). Let a(r) = -3*r + 5. Calculate a(q).
17
Let j be (-10)/4*2*1. Let l(k) be the second derivative of -k**4/12 - 5*k**3/6 + 5*k**2/2 - 9*k - 2. Determine l(j).
5
Let v be -3*(-2 + (4 - 3)). Let f(c) = 2*c. What is f(v)?
6
Let t(v) = 2*v - 2. Let h be t(2). Let n(k) = -k**h + 3 - 2 + 4 - 6. Let o = 1 + 0. What is n(o)?
-2
Let u(d) be the third derivative of -d**5/60 - d**3 - 14*d**2. What is u(0)?
-6
Let h = 25 - 9. Let y = h + -12. Let m(u) = u. What is m(y)?
4
Let r(a) be the second derivative of 7*a**5/20 + a**2/2 + 6*a. Determine r(-1).
-6
Let j(y) = y**3 + 5*y**2 + 3*y - 2. Let i(o) = -o**2 + 5*o + 10. Let u be i(7). Determine j(u).
2
Let g(x) = x**2 + 5*x - 6. Suppose 0 = -n - 3*n - 3*l - 38, -3*n - l - 26 = 0. Let b = 3 + n. What is g(b)?
-6
Let y = 58921/1